{"id":2548,"date":"2020-05-04T18:52:41","date_gmt":"2020-05-04T21:52:41","guid":{"rendered":"http:\/\/www.lctouroperator.com\/it\/?post_type=product&#038;p=2548"},"modified":"2020-05-21T07:46:26","modified_gmt":"2020-05-21T10:46:26","slug":"cuba-avana-y-vinales","status":"publish","type":"product","link":"https:\/\/www.lctouroperator.com\/it\/producto\/cuba-avana-y-vinales\/","title":{"rendered":"CUBA, toccata e fuga fra l\u2019Avana, i mogotes e il mare"},"content":{"rendered":"<h2><strong>L\u2019Avana, capitale di Cuba, unica nelle sue contraddizioni, Patrimonio dell\u2019Umanit\u00e0, a spasso fra palazzi e chiese storiche e poi un\u2019immersione nella natura in uno dei paesaggi pi\u00f9 idilliaci e fotografati di tutta l\u2019isola, La Valle di Vi\u00f1ales. Il viaggio prosegue per un relax totale a Cayo Levisa dove concedersi del meritato riposo su un cayo isolato e termina sulle spiagge di Varadero, meta ormai famosa in tutto il mondo, ma sempre piacevole e divertente.<\/strong><\/h2>\n<h2><em>La Habana \u2013 Vi\u00f1ales \u2013 Cayo Levisa &#8211; Varadero<\/em><\/h2>\n<p>Durata: 10 giorni \/ 9 notti \u2013 valido tutto l\u2019anno<\/p>\n<h2>Programma<\/h2>\n<table style=\"height: auto;\">\n<tbody>\n<tr style=\"height: 24px;\">\n<td style=\"background-color: #ababab; height: 24px;\"><span style=\"color: #000000;\"><span style=\"color: #ff6600;\">\u27a4<\/span>1\u00b0 Giorno: Partenza dall\u2019Italia<br \/>\n<\/span><\/td>\n<\/tr>\n<tr style=\"height: 24px;\">\n<td style=\"height: 24px;\">Arrivo all\u2019Avana, Cuba. Trasferimento in hotel. Cena di benvenuto. Pernottamento.<\/td>\n<\/tr>\n<tr style=\"height: auto;\">\n<td style=\"background-color: #ababab; height: 28px;\"><span style=\"color: #000000;\"><span style=\"color: #ff6600;\">\u27a4<\/span>2\u00b0 Giorno: Centro storico dell\u2019Avana vecchia \u2013 Castillo de los Tres Santos Reyes del Morro<br \/>\n<\/span><\/td>\n<\/tr>\n<tr style=\"height: auto;\">\n<td style=\"height: 10px;\">Prima colazione. Giornata dedicata alla visita dell\u2019Avana, citt\u00e0 capitale di Cuba, che conta con ca. tre milioni di abitanti. Patrimonio Mondiale dell\u2019Umanit\u00e0, \u00e8 la pi\u00f9 grande citt\u00e0 dei Caraibi. Vi si trova una sorprendente variet\u00e0 di fortezze, cattedrali, case coloniali e musei testimoni di un ricco patrimonio. Circa 3.500 edifici coloniali su 142 ettari, in parte ricostruiti a partire dal 1976, anche se resta ancora molto da fare. Walking tour fra le vie e le Piazze dell\u2019Avana Vecchia e dell\u2019Avana Centro: Piazza della Cattedrale con visita alla Cattedrale, Piazza delle Armi con visita al Palazzo de los Capitanes, Piazza San Francesco d\u2019Assisi, Plaza Vieja, Plaza del Cristo e le vie, fra cui Calle Marcaderes e Calle Obispo, il Campidoglio, il Gran Teatro, Paseo del Prado (Paseo Mart\u00ed), Museo de la Revoluci\u00f3n, il Malecon.<br \/>\nVerso tardo pomeriggio, attraversando il \u201ctunel de la Habana\u201d visita al Cristo de La Habana e al Castillo de los Tres Santos Reyes del Morro: due belvedere da dove si gode di un\u2019incredibile vista della citt\u00e0. Tempo per ammirare il tramonto. Rientro in hotel. Cena. Facoltativo: Visita alla Casa de la M\u00fasica, dove si presentano i gruppi di salsa pi\u00f9 famosi di Cuba. Pernottamento.<\/td>\n<\/tr>\n<tr style=\"height: 24px;\">\n<td style=\"background-color: #ababab; height: 24px;\"><span style=\"color: #000000;\"><span style=\"color: #000000;\"><span style=\"color: #ff6600;\">\u27a4<\/span>3\u00b0 Giorno: Vi\u00f1ales<\/span><\/span><\/td>\n<\/tr>\n<tr style=\"height: auto;\">\n<td style=\"height: 10px;\">Prima colazione. Partenza per Vi\u00f1ales, nel Parco Nazionale Vi\u00f1ales, dichiarato Patrimonio dell\u2019Umanit\u00e0 dall\u2019Unesco per l\u2019unicit\u00e0 del suo paesaggio, fra mogotes (formazioni calcaree che sembrano \u201cpanettoni\u201d), fattorie e villaggi. Sistemazione in albergo, visita libera al paese e pranzo. Gita a cavallo (o a piedi se si preferisce) nella natura fra mogotes, fattorie e campi. Visita ad una piantagione di tabacco, dimostrazione di come coltivano e si ottiene l\u2019ottimo caff\u00e8 cubano, assaggio di rum e miele locali. Pernottamento.<\/td>\n<\/tr>\n<tr style=\"height: 24px;\">\n<td style=\"background-color: #ababab; height: 24px;\"><span style=\"color: #000000;\"><span style=\"color: #ff6600;\">\u27a4<\/span>4\u00b0 Giorno: Vi\u00f1ales<br \/>\n<\/span><\/td>\n<\/tr>\n<tr style=\"height: auto;\">\n<td style=\"height: 88px;\">Colazione. Partenza per un\u2019altra giornata alla scoperta della stupenda valle di Vi\u00f1ales. Panoramica dal Balcon de la Valle, visita al Murales del Preistoria e breve passeggiata per arrivare ad un Miradores sull\u2019incantevole paesaggio circostante. Visita alla Cueva de San Miguel e alla Cueva del Indio, dove potrete ammirare stalattiti e stalagmiti attraverso un breve tragitto in barca. Nel tardo pomeriggio gita a cavallo nella valle del Silencio dove poter ammirare il tramonto.<\/td>\n<\/tr>\n<tr style=\"height: 24px;\">\n<td style=\"background-color: #ababab; height: 24px;\"><span style=\"color: #000000;\"><span style=\"color: #ff6600;\">\u27a4<\/span>5\u00b0 Giorno: Vi\u00f1ales \u2013 Cayo Levisa<br \/>\n<\/span><\/td>\n<\/tr>\n<tr style=\"height: auto;\">\n<td style=\"height: 11px;\">\n<p>Partenza in direzione Cayo Levisa, Cayo non collegato con la terra ferma, raggiungibile solo in barca, dove concedersi assoluto relax fra mare paradisiaco e spiaggia di sabbia bianca.<\/p>\n<p>Trattamento all inclusive. Pernottamento<\/td>\n<\/tr>\n<tr style=\"height: 24px;\">\n<td style=\"background-color: #ababab; height: 24px;\"><span style=\"color: #000000;\"><span style=\"color: #ff6600;\">\u27a4<\/span>6\u00ba Giorno: Cayo Levisa<br \/>\n<\/span><\/td>\n<\/tr>\n<tr style=\"height: auto;\">\n<td style=\"height: 10px;\">\n<p>Ancora una giornata di relax. Possibilit\u00e0 di praticare immersioni, snorkeling, kayak o partecipare ad una gita in barca.<\/p>\n<p>Trattamento all inclusive. Pernottamento.<\/td>\n<\/tr>\n<tr style=\"height: 24px;\">\n<td style=\"background-color: #ababab; height: 24px;\"><span style=\"color: #000000;\"><span style=\"color: #ff6600;\">\u27a4<\/span>7\u00ba Giorno: Cayo Levisa \u2013 Varadero<br \/>\n<\/span><\/td>\n<\/tr>\n<tr style=\"height: auto;\">\n<td style=\"height: 10px;\">Partenza per Varadero (circa 5 h). Sistemazione in hotel all inclusive. Pomeriggio per rilassarsi al mare.<\/td>\n<\/tr>\n<tr style=\"height: 24px;\">\n<td style=\"background-color: #ababab; height: 24px;\"><span style=\"color: #000000;\"><span style=\"color: #ff6600;\">\u27a4<\/span>8\u00ba Giorno: Varadero<br \/>\n<\/span><\/td>\n<\/tr>\n<tr style=\"height: 48px;\">\n<td style=\"height: 10px;\">All inclusive. Giornata di mare e sole. Possibilit\u00e0 di escursione a Playa Coral dove poter fare un po\u2019 di snorkeling e alla Cueva Saturno, dove \u00e8 possibile nuotare fra stalattiti e stalagmiti.<\/td>\n<\/tr>\n<tr style=\"height: 24px;\">\n<td style=\"background-color: #ababab; height: 24px;\"><span style=\"color: #000000;\"><span style=\"color: #ff6600;\">\u27a4<\/span>9\u00ba Giorno: Varadero \u2013 Avana<br \/>\n<\/span><\/td>\n<\/tr>\n<tr style=\"height: 24px;\">\n<td style=\"height: 24px;\">Nel pomeriggio, partenza per l\u2019Avana (2,30 h). Pernottamento in hotel. Cena di addio.<\/td>\n<\/tr>\n<tr style=\"height: 24px;\">\n<td style=\"background-color: #ababab; height: 24px;\"><span style=\"color: #000000;\"><span style=\"color: #ff6600;\">\u27a4<\/span>10\u00ba Giorno: Avana \u2013 viaggio di rientro<br \/>\n<\/span><\/td>\n<\/tr>\n<tr style=\"height: 10px;\">\n<td style=\"height: 10px;\">Prima colazione. A seconda dell\u2019orario del volo internazionale, trasferimento all&#8217;aeroporto per iniziare il viaggio di rientro in Italia.<\/td>\n<\/tr>\n<\/tbody>\n<\/table>\n<p>&nbsp;<\/p>\n","protected":false},"excerpt":{"rendered":"<p style=\"text-align: center;\">Durata: 10 giorni \/ 9 notti<br \/>\n<em>valido tutto l\u2019anno<\/em><\/p>\n","protected":false},"featured_media":2552,"comment_status":"closed","ping_status":"closed","template":"","meta":{"dwc-title":[""],"dwc-content":["<img class=\"size-full wp-image-2597 aligncenter\" src=\"http:\/\/www.lctouroperator.com\/it\/wp-content\/uploads\/2020\/05\/Cuba-I-mogotes-e-il-mare.jpg\" alt=\"\" width=\"274\" height=\"420\" \/>"]},"product_cat":[62],"product_tag":[],"class_list":{"0":"post-2548","1":"product","2":"type-product","3":"status-publish","4":"has-post-thumbnail","6":"product_cat-cuba","8":"first","9":"instock","10":"shipping-taxable","11":"product-type-simple"},"_links":{"self":[{"href":"https:\/\/www.lctouroperator.com\/it\/wp-json\/wp\/v2\/product\/2548"}],"collection":[{"href":"https:\/\/www.lctouroperator.com\/it\/wp-json\/wp\/v2\/product"}],"about":[{"href":"https:\/\/www.lctouroperator.com\/it\/wp-json\/wp\/v2\/types\/product"}],"replies":[{"embeddable":true,"href":"https:\/\/www.lctouroperator.com\/it\/wp-json\/wp\/v2\/comments?post=2548"}],"wp:featuredmedia":[{"embeddable":true,"href":"https:\/\/www.lctouroperator.com\/it\/wp-json\/wp\/v2\/media\/2552"}],"wp:attachment":[{"href":"https:\/\/www.lctouroperator.com\/it\/wp-json\/wp\/v2\/media?parent=2548"}],"wp:term":[{"taxonomy":"product_cat","embeddable":true,"href":"https:\/\/www.lctouroperator.com\/it\/wp-json\/wp\/v2\/product_cat?post=2548"},{"taxonomy":"product_tag","embeddable":true,"href":"https:\/\/www.lctouroperator.com\/it\/wp-json\/wp\/v2\/product_tag?post=2548"}],"curies":[{"name":"wp","href":"https:\/\/api.w.org\/{rel}","templated":true}]}}

<h2><strong>L’Avana, capitale di Cuba, unica nelle sue contraddizioni, Patrimonio dell’Umanità, a spasso fra palazzi e chiese storiche e poi un’immersione nella natura in uno dei paesaggi più idilliaci e fotografati di tutta l’isola, La Valle di Viñales. Il viaggio prosegue per un relax totale a Cayo Levisa dove concedersi del meritato riposo su un cayo isolato e termina sulle spiagge di Varadero, meta ormai famosa in tutto il mondo, ma sempre piacevole e divertente.</strong></h2>
<h2><em>La Habana – Viñales – Cayo Levisa &#8211; Varadero</em></h2>
<p>Durata: 10 giorni / 9 notti – valido tutto l’anno</p>
<h2>Programma</h2>
<table style="height: auto;">
<tbody>
<tr style="height: 24px;">
<td style="background-color: #ababab; height: 24px;"><span style="color: #000000;"><span style="color: #ff6600;">➤</span>1° Giorno: Partenza dall’Italia<br />
</span></td>
</tr>
<tr style="height: 24px;">
<td style="height: 24px;">Arrivo all’Avana, Cuba. Trasferimento in hotel. Cena di benvenuto. Pernottamento.</td>
</tr>
<tr style="height: auto;">
<td style="background-color: #ababab; height: 28px;"><span style="color: #000000;"><span style="color: #ff6600;">➤</span>2° Giorno: Centro storico dell’Avana vecchia – Castillo de los Tres Santos Reyes del Morro<br />
</span></td>
</tr>
<tr style="height: auto;">
<td style="height: 10px;">Prima colazione. Giornata dedicata alla visita dell’Avana, città capitale di Cuba, che conta con ca. tre milioni di abitanti. Patrimonio Mondiale dell’Umanità, è la più grande città dei Caraibi. Vi si trova una sorprendente varietà di fortezze, cattedrali, case coloniali e musei testimoni di un ricco patrimonio. Circa 3.500 edifici coloniali su 142 ettari, in parte ricostruiti a partire dal 1976, anche se resta ancora molto da fare. Walking tour fra le vie e le Piazze dell’Avana Vecchia e dell’Avana Centro: Piazza della Cattedrale con visita alla Cattedrale, Piazza delle Armi con visita al Palazzo de los Capitanes, Piazza San Francesco d’Assisi, Plaza Vieja, Plaza del Cristo e le vie, fra cui Calle Marcaderes e Calle Obispo, il Campidoglio, il Gran Teatro, Paseo del Prado (Paseo Martí), Museo de la Revolución, il Malecon.<br />
Verso tardo pomeriggio, attraversando il “tunel de la Habana” visita al Cristo de La Habana e al Castillo de los Tres Santos Reyes del Morro: due belvedere da dove si gode di un’incredibile vista della città. Tempo per ammirare il tramonto. Rientro in hotel. Cena. Facoltativo: Visita alla Casa de la Música, dove si presentano i gruppi di salsa più famosi di Cuba. Pernottamento.</td>
</tr>
<tr style="height: 24px;">
<td style="background-color: #ababab; height: 24px;"><span style="color: #000000;"><span style="color: #000000;"><span style="color: #ff6600;">➤</span>3° Giorno: Viñales</span></span></td>
</tr>
<tr style="height: auto;">
<td style="height: 10px;">Prima colazione. Partenza per Viñales, nel Parco Nazionale Viñales, dichiarato Patrimonio dell’Umanità dall’Unesco per l’unicità del suo paesaggio, fra mogotes (formazioni calcaree che sembrano “panettoni”), fattorie e villaggi. Sistemazione in albergo, visita libera al paese e pranzo. Gita a cavallo (o a piedi se si preferisce) nella natura fra mogotes, fattorie e campi. Visita ad una piantagione di tabacco, dimostrazione di come coltivano e si ottiene l’ottimo caffè cubano, assaggio di rum e miele locali. Pernottamento.</td>
</tr>
<tr style="height: 24px;">
<td style="background-color: #ababab; height: 24px;"><span style="color: #000000;"><span style="color: #ff6600;">➤</span>4° Giorno: Viñales<br />
</span></td>
</tr>
<tr style="height: auto;">
<td style="height: 88px;">Colazione. Partenza per un’altra giornata alla scoperta della stupenda valle di Viñales. Panoramica dal Balcon de la Valle, visita al Murales del Preistoria e breve passeggiata per arrivare ad un Miradores sull’incantevole paesaggio circostante. Visita alla Cueva de San Miguel e alla Cueva del Indio, dove potrete ammirare stalattiti e stalagmiti attraverso un breve tragitto in barca. Nel tardo pomeriggio gita a cavallo nella valle del Silencio dove poter ammirare il tramonto.</td>
</tr>
<tr style="height: 24px;">
<td style="background-color: #ababab; height: 24px;"><span style="color: #000000;"><span style="color: #ff6600;">➤</span>5° Giorno: Viñales – Cayo Levisa<br />
</span></td>
</tr>
<tr style="height: auto;">
<td style="height: 11px;">
<p>Partenza in direzione Cayo Levisa, Cayo non collegato con la terra ferma, raggiungibile solo in barca, dove concedersi assoluto relax fra mare paradisiaco e spiaggia di sabbia bianca.</p>
<p>Trattamento all inclusive. Pernottamento</td>
</tr>
<tr style="height: 24px;">
<td style="background-color: #ababab; height: 24px;"><span style="color: #000000;"><span style="color: #ff6600;">➤</span>6º Giorno: Cayo Levisa<br />
</span></td>
</tr>
<tr style="height: auto;">
<td style="height: 10px;">
<p>Ancora una giornata di relax. Possibilità di praticare immersioni, snorkeling, kayak o partecipare ad una gita in barca.</p>
<p>Trattamento all inclusive. Pernottamento.</td>
</tr>
<tr style="height: 24px;">
<td style="background-color: #ababab; height: 24px;"><span style="color: #000000;"><span style="color: #ff6600;">➤</span>7º Giorno: Cayo Levisa – Varadero<br />
</span></td>
</tr>
<tr style="height: auto;">
<td style="height: 10px;">Partenza per Varadero (circa 5 h). Sistemazione in hotel all inclusive. Pomeriggio per rilassarsi al mare.</td>
</tr>
<tr style="height: 24px;">
<td style="background-color: #ababab; height: 24px;"><span style="color: #000000;"><span style="color: #ff6600;">➤</span>8º Giorno: Varadero<br />
</span></td>
</tr>
<tr style="height: 48px;">
<td style="height: 10px;">All inclusive. Giornata di mare e sole. Possibilità di escursione a Playa Coral dove poter fare un po’ di snorkeling e alla Cueva Saturno, dove è possibile nuotare fra stalattiti e stalagmiti.</td>
</tr>
<tr style="height: 24px;">
<td style="background-color: #ababab; height: 24px;"><span style="color: #000000;"><span style="color: #ff6600;">➤</span>9º Giorno: Varadero – Avana<br />
</span></td>
</tr>
<tr style="height: 24px;">
<td style="height: 24px;">Nel pomeriggio, partenza per l’Avana (2,30 h). Pernottamento in hotel. Cena di addio.</td>
</tr>
<tr style="height: 24px;">
<td style="background-color: #ababab; height: 24px;"><span style="color: #000000;"><span style="color: #ff6600;">➤</span>10º Giorno: Avana – viaggio di rientro<br />
</span></td>
</tr>
<tr style="height: 10px;">
<td style="height: 10px;">Prima colazione. A seconda dell’orario del volo internazionale, trasferimento all&#8217;aeroporto per iniziare il viaggio di rientro in Italia.</td>
</tr>
</tbody>
</table>
<p>&nbsp;</p>
