{"id":2538,"date":"2020-05-04T14:01:18","date_gmt":"2020-05-04T17:01:18","guid":{"rendered":"http:\/\/www.lctouroperator.com\/it\/?post_type=product&#038;p=2538"},"modified":"2021-01-11T11:20:37","modified_gmt":"2021-01-11T14:20:37","slug":"immersione-nel-verde","status":"publish","type":"product","link":"https:\/\/www.lctouroperator.com\/it\/producto\/immersione-nel-verde\/","title":{"rendered":"Immersione nel verde"},"content":{"rendered":"<p><!--:es--><\/p>\n<div class=\"row\">\n<div class=\"nine columns\">\n<h2 align=\"left\">Un cocktail rigenerante \u00a0tra vulcani, storia, acque termali, osservazione di fauna e flora all&#8217;ombra di vulcani e immersi nella rigogliosa bellezza delle foreste. Una proposta da non perdere per un&#8217;esperienza all&#8217;insegna della natura.<\/h2>\n<h2><span style=\"color: #ff6600;\">Programma<\/span><\/h2>\n<table>\n<tbody>\n<tr>\n<td style=\"background-color: #ababab;\"><span style=\"color: #000000;\"><span style=\"color: #ff6600;\">\u27a4<\/span>Giorno 1: Arrivo all&#8217;aeroporto di San Jose<br \/>\n<\/span><\/td>\n<\/tr>\n<tr class=\"alt\">\n<td>Arrivo a San Jose, capitale della Costa Rica. Disbrigo delle formalit\u00e0 migratorie. Assistenza in aeroporto e trasferimento in hotel. Pernottamento.<\/td>\n<\/tr>\n<tr>\n<td style=\"background-color: #ababab;\"><span style=\"color: #000000;\"><span style=\"color: #ff6600;\">\u27a4<\/span>Giorno 2: San Jos\u00e9 \/ Vulcano Iraz\u00fa, Valle di Oros\u00ed e Giardini Lankester<br \/>\n<\/span><\/td>\n<\/tr>\n<tr class=\"alt\">\n<td>Prima colazione. Giornata per una prima boccata d&#8217; aria pura: avviandosi per la Panamericana in direzione Sud si iniziare la salita al \u00abcolosso di Iraz\u00fa\u00bb Il cammino sinuoso attraversa le fertili terre coltivate, mentre si osserva un vasto panorama. In cima al vulcano si contemplano i principali crateri e, in giornate limpide, si possono avvistare gli oceani Atlantico e Pacifico. Nella discesa alla citt\u00e0 di Cartago si visita la Basilica della Madonna degli Angeli, tradizionale \u00e8 luogo di pellegrinaggio di molti credenti. La giornata continua ai Giardini Lankester, centro di ricerca dell\u2019Universit\u00e0 del Costa Rica che protegge pi\u00f9 di 800 specie di orchidee e bromeliacee, oltre ad altre numerose piante. Continuazione verso la Valle di Oros\u00ed dove si possono vedere panorami di bellezza ineguagliabile. Si potr\u00e0 visitare uno dei pochi templi coloniali e ci si fermer\u00e0 per il pranzo in un ristorante della zona. Durante il nostro percorso si potr\u00e0 osservare la rustica Casa del So\u00f1ador, esempio dell\u2019arte primitiva del Costa Rica. Pernottamento a San Jos\u00e9.<\/td>\n<\/tr>\n<tr>\n<td style=\"background-color: #ababab;\"><span style=\"color: #000000;\"><span style=\"color: #ff6600;\">\u27a4<\/span>Giorno 3: San Jos\u00e9 \/ Vulcano Arenal e Terme di Baldi<br \/>\n<\/span><\/td>\n<\/tr>\n<tr class=\"alt\">\n<td>Prima colazione. Visita al vulcano pi\u00f9 attivo del Costa Rica: il maestoso vulcano Arenal, famoso per le sue esplosioni di ceneri e lava che di notte offre spettacoli di \u00abfuochi artificiali\u00bb. Pranzo e pomeriggio libero con possibilit\u00e0 di rilassarsi nelle acque termali contemplando il vulcano.<\/td>\n<\/tr>\n<tr>\n<td style=\"background-color: #ababab;\"><span style=\"color: #000000;\"><span style=\"color: #ff6600;\">\u27a4<\/span>Giorno 4: Trekking a Rio Celeste<br \/>\n<\/span><\/td>\n<\/tr>\n<tr class=\"alt\">\n<td>Partenza alle 7:00 a.m. da La Fortuna, la prima colazione tipica \u00e8 prevista durante il percorso verso R\u00edo Celeste, situato nel Parco Nazionale Volca\u0301n Tenorio. All&#8217;arrivo \u00e8 prevista una camminata di 7 km (circa 4 ore) attraverso il bosco pluviale. Visita al luogo chiamato \u201cLos Ten\u0303ideros\u201d, dove si incontrano due fiumi, creando delle sorgenti di acqua cristallina di color celeste, da cui il nome del posto. Pranzo in corso di escursione. Di ritorno, camminata lungo un sentiero dove si possono osservare le \u201cOllas\u201d (\u201cpentole\u201d), ovvero fumarole, gas che sgorgano dalla terra vulcanica, ad alte temperature. Si proseguir\u00e0 poi ancora a piedi fino ad arrivare a una bellissima cascata dalle acque celesti. Rientro in hotel.<\/td>\n<\/tr>\n<tr class=\"alt\">\n<td style=\"background-color: #ababab;\"><span style=\"color: #000000;\"><span style=\"color: #ff6600;\">\u27a4<\/span>Giorno 5: Vulcano Arenal \/ Riserva Biologica Monteverde<br \/>\n<\/span><\/td>\n<\/tr>\n<tr class=\"alt\">\n<td>Prima colazione. All&#8217;ora prevista, trasferimento all\u2019hotel a Monteverde. Arrivo e tour con guida ai Ponti Sospesi (Puentes Colgantes). L\u2019escursione consiste in 8 ponti di diversa lunghezza e altezze, per un totale di circa 3 km. Questo tour offre il modo pi\u00f9 sicuro e spettacolare di vivere il bosco da una prospettiva molto interessante. Pernottamento a Monteverde.<\/td>\n<\/tr>\n<tr class=\"alt\">\n<td style=\"background-color: #ababab;\"><span style=\"color: #000000;\"><span style=\"color: #ff6600;\">\u27a4<\/span>Giorno 6: Riserva Biologica Monteverde<br \/>\n<\/span><\/td>\n<\/tr>\n<tr class=\"alt\">\n<td>Prima colazione. Giornata dedicata alla Riserva Biologica Monteverde. L\u2019area di Monteverde \u00e8 famosa a livello mondiale per il suo particolare bioma, chiamato \u00abbosco nuvoloso\u00bb o \u00abmuschioso\u00bb. Si possono visitare: la Galleria dei Colibr\u00ec, il Giardino delle Farfalle, la \u00abFinca\u00bb degli Uccelli, oltre a altre aree della riserva. Pernottamento a Monteverde.<\/td>\n<\/tr>\n<tr class=\"alt\">\n<td style=\"background-color: #ababab;\"><span style=\"color: #000000;\"><span style=\"color: #ff6600;\">\u27a4<\/span>Giorno 7: Monteverde \/ San Jos\u00e9<br \/>\n<\/span><\/td>\n<\/tr>\n<tr class=\"alt\">\n<td>Prima colazione. All&#8217;ora prevista, trasferimento alla citt\u00e0 di San Jos\u00e9. Arrivo e resto del giorno libero. Pernottamento a San Jos\u00e9.<\/td>\n<\/tr>\n<tr class=\"alt\">\n<td style=\"background-color: #ababab;\"><span style=\"color: #000000;\"><span style=\"color: #ff6600;\">\u27a4<\/span>Giorno 8: San Jos\u00e9<br \/>\n<\/span><\/td>\n<\/tr>\n<tr class=\"alt\">\n<td>Prima colazione. All&#8217;ora indicata, trasferimento all&#8217;Aeroporto Internazionale Juan Santamar\u00eda di San Jos\u00e9 per il volo di ritorno o per la seguente destinazione.<\/td>\n<\/tr>\n<\/tbody>\n<\/table>\n<\/div>\n<\/div>\n<p><!--:--><\/p>\n","protected":false},"excerpt":{"rendered":"<p>Costa Rica<br \/>\n8 giorni \/ 7 notti<\/p>\n","protected":false},"featured_media":2608,"comment_status":"closed","ping_status":"closed","template":"","meta":{"dwc-title":[""],"dwc-content":["<img class=\"size-full wp-image-2946 aligncenter\" src=\"http:\/\/www.lctouroperator.com\/it\/wp-content\/uploads\/2020\/05\/Costa-Rica-G07-2005Gv71.jpg\" alt=\"\" width=\"274\" height=\"420\" \/>"]},"product_cat":[34],"product_tag":[40,41,43,42],"class_list":{"0":"post-2538","1":"product","2":"type-product","3":"status-publish","4":"has-post-thumbnail","6":"product_cat-costa-rica","7":"product_tag-costa-rica","8":"product_tag-costa-rica-natura","9":"product_tag-monteverde","10":"product_tag-vulcano-arenal","12":"first","13":"instock","14":"shipping-taxable","15":"product-type-simple"},"_links":{"self":[{"href":"https:\/\/www.lctouroperator.com\/it\/wp-json\/wp\/v2\/product\/2538"}],"collection":[{"href":"https:\/\/www.lctouroperator.com\/it\/wp-json\/wp\/v2\/product"}],"about":[{"href":"https:\/\/www.lctouroperator.com\/it\/wp-json\/wp\/v2\/types\/product"}],"replies":[{"embeddable":true,"href":"https:\/\/www.lctouroperator.com\/it\/wp-json\/wp\/v2\/comments?post=2538"}],"wp:featuredmedia":[{"embeddable":true,"href":"https:\/\/www.lctouroperator.com\/it\/wp-json\/wp\/v2\/media\/2608"}],"wp:attachment":[{"href":"https:\/\/www.lctouroperator.com\/it\/wp-json\/wp\/v2\/media?parent=2538"}],"wp:term":[{"taxonomy":"product_cat","embeddable":true,"href":"https:\/\/www.lctouroperator.com\/it\/wp-json\/wp\/v2\/product_cat?post=2538"},{"taxonomy":"product_tag","embeddable":true,"href":"https:\/\/www.lctouroperator.com\/it\/wp-json\/wp\/v2\/product_tag?post=2538"}],"curies":[{"name":"wp","href":"https:\/\/api.w.org\/{rel}","templated":true}]}}

<p><!--:es--></p>
<div class="row">
<div class="nine columns">
<h2 align="left">Un cocktail rigenerante  tra vulcani, storia, acque termali, osservazione di fauna e flora all&#8217;ombra di vulcani e immersi nella rigogliosa bellezza delle foreste. Una proposta da non perdere per un&#8217;esperienza all&#8217;insegna della natura.</h2>
<h2><span style="color: #ff6600;">Programma</span></h2>
<table>
<tbody>
<tr>
<td style="background-color: #ababab;"><span style="color: #000000;"><span style="color: #ff6600;">➤</span>Giorno 1: Arrivo all&#8217;aeroporto di San Jose<br />
</span></td>
</tr>
<tr class="alt">
<td>Arrivo a San Jose, capitale della Costa Rica. Disbrigo delle formalità migratorie. Assistenza in aeroporto e trasferimento in hotel. Pernottamento.</td>
</tr>
<tr>
<td style="background-color: #ababab;"><span style="color: #000000;"><span style="color: #ff6600;">➤</span>Giorno 2: San José / Vulcano Irazú, Valle di Orosí e Giardini Lankester<br />
</span></td>
</tr>
<tr class="alt">
<td>Prima colazione. Giornata per una prima boccata d&#8217; aria pura: avviandosi per la Panamericana in direzione Sud si iniziare la salita al «colosso di Irazú» Il cammino sinuoso attraversa le fertili terre coltivate, mentre si osserva un vasto panorama. In cima al vulcano si contemplano i principali crateri e, in giornate limpide, si possono avvistare gli oceani Atlantico e Pacifico. Nella discesa alla città di Cartago si visita la Basilica della Madonna degli Angeli, tradizionale è luogo di pellegrinaggio di molti credenti. La giornata continua ai Giardini Lankester, centro di ricerca dell’Università del Costa Rica che protegge più di 800 specie di orchidee e bromeliacee, oltre ad altre numerose piante. Continuazione verso la Valle di Orosí dove si possono vedere panorami di bellezza ineguagliabile. Si potrà visitare uno dei pochi templi coloniali e ci si fermerà per il pranzo in un ristorante della zona. Durante il nostro percorso si potrà osservare la rustica Casa del Soñador, esempio dell’arte primitiva del Costa Rica. Pernottamento a San José.</td>
</tr>
<tr>
<td style="background-color: #ababab;"><span style="color: #000000;"><span style="color: #ff6600;">➤</span>Giorno 3: San José / Vulcano Arenal e Terme di Baldi<br />
</span></td>
</tr>
<tr class="alt">
<td>Prima colazione. Visita al vulcano più attivo del Costa Rica: il maestoso vulcano Arenal, famoso per le sue esplosioni di ceneri e lava che di notte offre spettacoli di «fuochi artificiali». Pranzo e pomeriggio libero con possibilità di rilassarsi nelle acque termali contemplando il vulcano.</td>
</tr>
<tr>
<td style="background-color: #ababab;"><span style="color: #000000;"><span style="color: #ff6600;">➤</span>Giorno 4: Trekking a Rio Celeste<br />
</span></td>
</tr>
<tr class="alt">
<td>Partenza alle 7:00 a.m. da La Fortuna, la prima colazione tipica è prevista durante il percorso verso Río Celeste, situato nel Parco Nazionale Volcán Tenorio. All&#8217;arrivo è prevista una camminata di 7 km (circa 4 ore) attraverso il bosco pluviale. Visita al luogo chiamato “Los Teñideros”, dove si incontrano due fiumi, creando delle sorgenti di acqua cristallina di color celeste, da cui il nome del posto. Pranzo in corso di escursione. Di ritorno, camminata lungo un sentiero dove si possono osservare le “Ollas” (“pentole”), ovvero fumarole, gas che sgorgano dalla terra vulcanica, ad alte temperature. Si proseguirà poi ancora a piedi fino ad arrivare a una bellissima cascata dalle acque celesti. Rientro in hotel.</td>
</tr>
<tr class="alt">
<td style="background-color: #ababab;"><span style="color: #000000;"><span style="color: #ff6600;">➤</span>Giorno 5: Vulcano Arenal / Riserva Biologica Monteverde<br />
</span></td>
</tr>
<tr class="alt">
<td>Prima colazione. All&#8217;ora prevista, trasferimento all’hotel a Monteverde. Arrivo e tour con guida ai Ponti Sospesi (Puentes Colgantes). L’escursione consiste in 8 ponti di diversa lunghezza e altezze, per un totale di circa 3 km. Questo tour offre il modo più sicuro e spettacolare di vivere il bosco da una prospettiva molto interessante. Pernottamento a Monteverde.</td>
</tr>
<tr class="alt">
<td style="background-color: #ababab;"><span style="color: #000000;"><span style="color: #ff6600;">➤</span>Giorno 6: Riserva Biologica Monteverde<br />
</span></td>
</tr>
<tr class="alt">
<td>Prima colazione. Giornata dedicata alla Riserva Biologica Monteverde. L’area di Monteverde è famosa a livello mondiale per il suo particolare bioma, chiamato «bosco nuvoloso» o «muschioso». Si possono visitare: la Galleria dei Colibrì, il Giardino delle Farfalle, la «Finca» degli Uccelli, oltre a altre aree della riserva. Pernottamento a Monteverde.</td>
</tr>
<tr class="alt">
<td style="background-color: #ababab;"><span style="color: #000000;"><span style="color: #ff6600;">➤</span>Giorno 7: Monteverde / San José<br />
</span></td>
</tr>
<tr class="alt">
<td>Prima colazione. All&#8217;ora prevista, trasferimento alla città di San José. Arrivo e resto del giorno libero. Pernottamento a San José.</td>
</tr>
<tr class="alt">
<td style="background-color: #ababab;"><span style="color: #000000;"><span style="color: #ff6600;">➤</span>Giorno 8: San José<br />
</span></td>
</tr>
<tr class="alt">
<td>Prima colazione. All&#8217;ora indicata, trasferimento all&#8217;Aeroporto Internazionale Juan Santamaría di San José per il volo di ritorno o per la seguente destinazione.</td>
</tr>
</tbody>
</table>
</div>
</div>
<p><!--:--></p>
